is divided by 503.
5
Calculate the remainder when 63394 is divided by 1546.
8
What is the remainder when 186259 is divided by 145?
79
What is the remainder when 20112 is divided by 6670?
102
Calculate the remainder when 1209666 is divided by 17.
14
Calculate the remainder when 170806 is divided by 1501.
1193
Calculate the remainder when 292735 is divided by 2461.
2337
Calculate the remainder when 268559 is divided by 14.
11
Calculate the remainder when 1571508 is divided by 1288.
148
Calculate the remainder when 218820603 is divided by 5563.
5561
Calculate the remainder when 7893411 is divided by 2364.
15
What is the remainder when 620823 is divided by 978?
771
What is the remainder when 184048 is divided by 1235?
33
What is the remainder when 35755777 is divided by 215?
202
What is the remainder when 2045981 is divided by 249?
197
Calculate the remainder when 60783 is divided by 20227.
102
What is the remainder when 42436013 is divided by 2841?
2837
Calculate the remainder when 43552102 is divided by 30.
22
Calculate the remainder when 2544756 is divided by 363476.
424
Calculate the remainder when 911859 is divided by 79.
41
What is the remainder when 11345409 is divided by 1193?
1172
Calculate the remainder when 1232277 is divided by 140.
137
What is the remainder when 3920376237 is divided by 880?
877
Calculate the remainder when 11635 is divided by 764.
175
Calculate the remainder when 48989 is divided by 590.
19
Calculate the remainder when 2882264 is divided by 127.
126
What is the remainder when 2878510 is divided by 1289?
173
Calculate the remainder when 31661318 is divided by 2572.
2570
Calculate the remainder when 13192407 is divided by 68.
67
What is the remainder when 6596854 is divided by 200?
54
What is the remainder when 71613 is divided by 13985?
1688
What is the remainder when 10053169 is divided by 37?
10
What is the remainder when 3407316 is divided by 2715?
2706
Calculate the remainder when 59487872 is divided by 252.
248
What is the remainder when 4357936 is divided by 569?
534
Calculate the remainder when 43731 is divided by 43714.
17
Calculate the remainder when 75066834 is divided by 115.
9
Calculate the remainder when 296132 is divided by 293181.
2951
Calculate the remainder when 1545734 is divided by 506.
410
What is the remainder when 900380 is divided by 13635?
470
Calculate the remainder when 1640477 is divided by 63.
20
Calculate the remainder when 1348153 is divided by 11329.
2
What is the remainder when 1053668 is divided by 10?
8
Calculate the remainder when 240023 is divided by 10000.
23
Calculate the remainder when 9360700 is divided by 85.
75
Calculate the remainder when 703032 is divided by 85.
82
Calculate the remainder when 1353116 is divided by 369.
362
What is the remainder when 20354792 is divided by 302?
294
What is the remainder when 3279823 is divided by 327972?
103
Calculate the remainder when 129836 is divided by 88.
36
Calculate the remainder when 59088 is divided by 19688.
24
Calculate the remainder when 156280 is divided by 6791.
87
Calculate the remainder when 4538430 is divided by 2269208.
14
Calculate the remainder when 23781216 is divided by 21.
18
Calculate the remainder when 179032 is divided by 16275.
7
What is the remainder when 3836875 is divided by 6159?
5977
What is the remainder when 73948 is divided by 1108?
820
What is the remainder when 6379839 is divided by 59623?
178
Calculate the remainder when 1015769 is divided by 296.
193
Calculate the remainder when 20937712 is divided by 5665.
5537
Calculate the remainder when 59350761 is divided by 346.
343
Calculate the remainder when 10638 is divided by 1166.
144
What is the remainder when 670001 is divided by 3755?
1611
What is the remainder when 2096095 is divided by 259?
8
Calculate the remainder when 2083644 is divided by 89.
65
What is the remainder when 2334558 is divided by 414?
12
Calculate the remainder when 15649419 is divided by 2978.
29
Calculate the remainder when 4013425 is divided by 1241.
31
Calculate the remainder when 40403 is divided by 856.
171
What is the remainder when 60461787 is divided by 54?
39
Calculate the remainder when 2083419 is divided by 28154.
23
What is the remainder when 272049 is divided by 2230?
2219
What is the remainder when 35028138 is divided by 253827?
12
Calculate the remainder when 165768 is divided by 1946.
358
What is the remainder when 617531 is divided by 14353?
352
What is the remainder when 926165 is divided by 462868?
429
Calculate the remainder when 789134 is divided by 3079.
910
Calculate the remainder when 7322 is divided by 1294.
852
What is the remainder when 532423 is divided by 2?
1
What is the remainder when 48961 is divided by 3660?
1381
Calculate the remainder when 1238862 is divided by 412919.
105
Calculate the remainder when 1132150 is divided by 566063.
24
Calculate the remainder when 261784 is divided by 52354.
14
What is the remainder when 2056869 is divided by 171391?
177
What is the remainder when 3994812 is divided by 70?
52
Calculate the remainder when 990759 is divided by 330252.
3
Calculate the remainder when 3024082 is divided by 834.
832
What is the remainder when 19552 is divided by 9495?
562
Calculate the remainder when 2302186 is divided by 767378.
52
Calculate the remainder when 3637711 is divided by 101047.
19
Calculate the remainder when 120774 is divided by 120689.
85
What is the remainder when 3704415 is divided by 370433?
85
Calculate the remainder when 10386493 is divided by 4143.
4135
Calculate the remainder when 119061 is divided by 117739.
1322
What is the remainder when 1811696 is divided by 258812?
12
What is the remainder when 134539 is divided by 3142?
2575
Calculate the remainder when 104834483 is divided by 366.
5
What is the remainder when 1653780 is divided by 112?
100
What is the remainder when 40670 is divided by 4385?
1205
Calculate the remainder when 4567621 is divided by 351355.
6
Calculate the remainder when 847144 is divided by 868.
844
What is the remainder when 26469 is divided by 1247?
282
What is the remainder when 867019 is divided by 288951?
166
What is the remainder when 765092 is divided by 301?
251
Calculate the remainder when 71863 is divided by 27.
16
What is the remainder when 117175520 is divided by 207758?
8
Calculate the remainder when 2879833 is divided by 2264.
25
What is the remainder when 175436 is divided by 15359?
6487
Calculate the remainder when 36725 is divided by 7264.
405
Calculate the remainder when 22201021 is divided by 19.
15
Calculate the remainder when 1291641 is divided by 1291523.
118
What is the remainder when 6382847 is divided by 228?
215
Calculate the remainder when 277096 is divided by 4704.
4264
Calculate the remainder when 32256340 is divided by 1354.
1352
What is the remainder when 12239 is divided by 156?
71
Calculate the remainder when 5858633 is divided by 976418.
125
What is the remainder when 110722 is divided by 60?
22
Calculate the remainder when 6562682 is divided by 19.
6
Calculate the remainder when 302348 is divided by 27.
2
Calculate the remainder when 386473 is divided by 3421.
3321
What is the remainder when 28488135 is divided by 9496045?
0
What is the remainder when 4759810 is divided by 190392?
10
Calculate the remainder when 3803632 is divided by 1901786.
60
What is the remainder when 1137080625 is divided by 2239?
2236
Calculate the remainder when 1160016 is divided by 344.
48
Calculate the remainder when 188908 is divided by 2779.
2715
Calculate the remainder when 876069 is divided by 119.
110
Calculate the remainder when 1930904 is divided by 6169.
7
Calculate the remainder when 212891128 is divided by 90.
88
What is the remainder when 284203 is divided by 283944?
259
Calculate the remainder when 6674911 is divided by 741619.
340
What is the remainder when 20031744 is divided by 450?
444
Calculate the remainder when 132492636 is divided by 246.
234
What is the remainder when 2260534 is divided by 459?
418
What is the remainder when 1704704 is divided by 8742?
14
Calculate the remainder when 3363147 is divided by 41.
40
What is the remainder when 16233514 is divided by 303?
289
What is the remainder when 4981 is divided by 4912?
69
What is the remainder when 619914 is 